n factor of 2 and 96497.
1
What is the highest common factor of 2312 and 40?
8
Calculate the greatest common divisor of 170598 and 6.
6
Calculate the highest common divisor of 3419 and 2249.
13
What is the greatest common factor of 2705 and 780?
5
Calculate the highest common factor of 594418 and 738.
82
Calculate the greatest common divisor of 21 and 1383.
3
What is the highest common divisor of 144 and 1936?
16
What is the highest common factor of 141582 and 21?
21
Calculate the highest common divisor of 33520 and 220.
20
What is the greatest common divisor of 17628 and 1092?
156
What is the highest common divisor of 191 and 100275?
191
Calculate the highest common factor of 50002 and 2622.
46
Calculate the highest common divisor of 26655 and 330.
15
What is the greatest common factor of 29 and 25752?
29
What is the greatest common divisor of 76 and 600932?
76
What is the greatest common divisor of 88688 and 598?
46
Calculate the highest common divisor of 2106 and 396.
18
Calculate the highest common divisor of 681332 and 59.
59
Calculate the greatest common divisor of 807569 and 196.
49
What is the highest common factor of 173852 and 140?
28
Calculate the highest common divisor of 38 and 20336878.
38
What is the greatest common divisor of 69928 and 72?
8
What is the highest common factor of 210 and 216825?
105
What is the highest common factor of 5168898 and 18?
18
What is the highest common factor of 10 and 91820?
10
Calculate the highest common divisor of 45696 and 126.
42
Calculate the highest common divisor of 4 and 157736.
4
Calculate the highest common divisor of 679300 and 200.
100
What is the highest common factor of 2782 and 988?
26
Calculate the highest common factor of 472512 and 7176.
552
What is the highest common factor of 282 and 8339586?
282
What is the greatest common factor of 120 and 5010?
30
Calculate the highest common factor of 78108 and 552.
276
What is the greatest common factor of 232 and 2424?
8
What is the greatest common factor of 13673 and 7381?
121
Calculate the highest common divisor of 18109 and 3913.
91
Calculate the highest common factor of 528924 and 11.
11
Calculate the greatest common factor of 3 and 37887.
3
What is the highest common factor of 788 and 187?
1
Calculate the highest common divisor of 202932 and 108.
108
Calculate the highest common factor of 116074 and 14.
14
Calculate the highest common factor of 2985 and 1194.
597
Calculate the greatest common factor of 674346 and 14806.
1346
Calculate the greatest common divisor of 8601 and 1692.
141
Calculate the highest common factor of 21324 and 12.
12
What is the greatest common factor of 3536 and 41701?
17
What is the greatest common divisor of 104 and 77974?
26
What is the highest common divisor of 114270 and 2730?
390
Calculate the highest common factor of 653140 and 10115.
1445
Calculate the greatest common divisor of 247 and 248653.
19
Calculate the greatest common divisor of 24 and 14451.
3
What is the highest common factor of 71300 and 30?
10
Calculate the highest common divisor of 2340 and 277940.
260
What is the greatest common divisor of 6487 and 2191109?
499
What is the greatest common factor of 29 and 421?
1
Calculate the greatest common divisor of 289751 and 10017.
371
Calculate the highest common divisor of 1062 and 18246.
6
Calculate the highest common factor of 129 and 3483.
129
What is the highest common factor of 28 and 2403310?
14
Calculate the highest common factor of 22584 and 216.
24
Calculate the highest common factor of 97285 and 5.
5
What is the highest common divisor of 147 and 10388?
49
Calculate the greatest common divisor of 913 and 4664.
11
Calculate the greatest common factor of 1473667 and 13.
13
Calculate the greatest common factor of 89534 and 178.
178
What is the highest common divisor of 259545 and 13?
13
Calculate the highest common factor of 71 and 297490.
71
Calculate the greatest common divisor of 357 and 3466351.
119
What is the highest common factor of 232464 and 336?
48
What is the highest common divisor of 1408 and 98032?
176
What is the greatest common divisor of 72 and 106520?
8
What is the greatest common divisor of 891 and 374?
11
Calculate the greatest common divisor of 277486 and 66.
22
What is the highest common divisor of 7350 and 595?
35
Calculate the greatest common factor of 111 and 10087236.
111
What is the highest common divisor of 20 and 1125?
5
What is the highest common factor of 6016 and 8836?
188
Calculate the greatest common factor of 125 and 4783750.
125
What is the greatest common divisor of 27 and 40605?
3
Calculate the highest common factor of 1222 and 277966.
26
Calculate the highest common factor of 335 and 12530005.
335
What is the highest common divisor of 21 and 75523?
7
What is the highest common divisor of 760 and 15010?
190
Calculate the greatest common divisor of 1010 and 200.
10
What is the highest common divisor of 272332 and 2060?
412
Calculate the greatest common divisor of 708 and 2420475.
177
What is the highest common factor of 958069 and 582?
97
Calculate the highest common divisor of 3324 and 1068.
12
Calculate the highest common divisor of 26 and 3929367.
13
Calculate the greatest common factor of 2724 and 805396.
908
What is the highest common factor of 1218 and 826?
14
What is the greatest common divisor of 4 and 8852?
4
Calculate the highest common divisor of 234570 and 840.
210
Calculate the highest common factor of 853420 and 9585.
355
What is the greatest common divisor of 14728 and 6800?
8
What is the highest common factor of 13482 and 1314?
18
What is the highest common factor of 93 and 201097?
31
Calculate the highest common divisor of 590262 and 6.
6
Calculate the highest common factor of 10106 and 45314.
326
Calculate the greatest common divisor of 274755 and 390.
195
What is the highest common divisor of 8104 and 856?
8
Calculate the greatest common divisor of 17019 and 1953.
279
What is the highest common factor of 416 and 19578?
26
Calculate the greatest common factor of 5504 and 4470624.
1376
Calculate the greatest common divisor of 10763 and 1363.
47
What is the highest common divisor of 37986 and 2730?
78
Calculate the highest common divisor of 3256 and 2266.
22
What is the greatest common factor of 9 and 14112?
9
What is the highest common divisor of 2445 and 4928305?
815
What is the greatest common divisor of 12254 and 1573?
11
Calculate the greatest common factor of 10470 and 16403.
349
Calculate the highest common divisor of 3773 and 156751.
343
Calculate the highest common factor of 433711 and 173.
173
What is the highest common divisor of 100480 and 480?
160
What is the greatest common divisor of 18372 and 96?
12
What is the highest common divisor of 88 and 462781?
11
What is the highest common divisor of 20 and 1101530?
10
What is the highest common factor of 1426325 and 25?
25
Calculate the highest common factor of 1829 and 649.
59
What is the greatest common factor of 1098 and 621?
9
Calculate the greatest common factor of 5888 and 63664.
368
What is the greatest common factor of 70 and 2221842?
14
Calculate the highest common factor of 873 and 375196.
97
Calculate the highest common divisor of 2368 and 145216.
64
Calculate the highest common divisor of 275 and 429330.
55
Calculate the highest common factor of 138390 and 110.
10
Calculate the highest common factor of 16543 and 3262.
233
What is the highest common factor of 270 and 13302?
18
Calculate the highest common factor of 868 and 67053.
217
Calculate the highest common factor of 126 and 263592.
126
Calculate the highest common factor of 374 and 476.
34
Calculate the greatest common factor of 607879 and 248.
31
What is the highest common factor of 3728 and 528?
16
What is the highest common factor of 64705 and 45?
5
Calculate the highest common factor of 150 and 578.
2
Calculate the greatest common divisor of 1584900 and 225.
225
What is the greatest common factor of 103504 and 16?
16
Calculate the greatest common factor of 1030 and 35.
5
What is the highest common divisor of 515 and 56341?
103
Calculate the highest common factor of 2263 and 217.
31
What is the greatest common factor of 10857 and 2919?
21
What is the highest common factor of 736941 and 915?
183
What is the high